se -5*h - 33 = -2*b, -5*h - 1727 = 5*b - 1827. What is the remainder when 3527 is divided by b?
12
Let i = -4985 - -5594. What is the remainder when i is divided by 68?
65
Let h = -153 - -153. Let y be 3*(2 - 1)*1. Suppose -b - 1 - y = h, 74 = 2*m - 3*b. What is the remainder when m is divided by 9?
4
Let u(v) = 2*v**3 + 10*v**2 + 5*v - 11. Let c be u(-6). Let j = c - -106. Let w(f) = f**3 + 8*f**2 + 5*f. Calculate the remainder when 93 is divided by w(j).
9
Suppose b = 11*b + 1360. Let n = b - -159. Calculate the remainder when 39 is divided by n.
16
Suppose -2*k = r - 58, 2*k - 5*r = -0*k + 70. Suppose 6 = -7*l + 8*l. Let v(t) = -t**3 + 6*t**2 + 2*t - 4. What is the remainder when k is divided by v(l)?
6
Suppose 361 = 5*q - 3*b, 0 = -5*q + 2*b + 399 - 35. What is the remainder when 700 is divided by (q/(-8))/(9/12 + -1)?
34
Let o = -11223 + 11338. What is the remainder when 231 is divided by o?
1
Suppose 3*l + 5*s = 7*l - 321, 3*s + 411 = 5*l. Calculate the remainder when 7054 is divided by l.
82
Suppose 4*g - 4*q + 2*q + 194 = 0, 0 = 4*g - 4*q + 188. Let h = g - -43. Let a(f) = f**3 + 7*f**2 - 3*f + 16. Calculate the remainder when a(h) is divided by 5.
2
Let a = -100 - -168. Suppose q - 5*q - 5*b = 359, -4*b - 184 = 2*q. What is the remainder when a is divided by (-4773)/q*2/6*2?
31
Suppose 636 = 4*y + 656, 534 = n + 4*y. Calculate the remainder when n is divided by 128.
42
Let j = -41371 - -41390. Calculate the remainder when (-2)/8 - (-362)/8 is divided by j.
7
What is the remainder when (-9 + (-50)/(-6))/((-2)/693) is divided by 22?
11
Let j(v) = 47*v - 1310. Calculate the remainder when 587 is divided by j(28).
5
Let x = 6825 - 6814. Calculate the remainder when 3792 is divided by x.
8
Calculate the remainder when 253 is divided by (-2)/(-7) + ((-4498)/7)/(-26).
3
Suppose -3*h + 6*h = 30. Let d(w) be the first derivative of 2*w**3/3 + 5*w**2 + 3*w + 55. What is the remainder when d(-7) is divided by h?
1
Let b = -33403 + 33545. Calculate the remainder when 7240 is divided by b.
140
Suppose 3*b + 792 = 3*l - 0*l, -8 = -4*b. What is the remainder when l is divided by 107?
52
Let l be 251 - 20*(-7)/(-28). Suppose -24*c - l = -27*c. Calculate the remainder when c is divided by 6.
4
Let d be (1 + 3 - 1) + 1 + 26. Let n be (-3)/((-9)/d) - 0. Suppose -40 - 90 = -n*v. What is the remainder when 25 is divided by v?
12
Suppose 5*x = -4*i + 113, -5*x - 26 = -3*i + 50. What is the remainder when 32*(152/32 - 3/(-12)) is divided by i?
25
Suppose 5*n + 7899 = 2*r, 2*r + 174*n - 7836 = 170*n. Calculate the remainder when r is divided by 96.
92
Suppose 5*c + 84*g - 276 = 82*g, -174 = -3*c - 4*g. What is the remainder when 448 is divided by c?
16
Suppose -8*d - 11 - 5 = 0. Let m be d + -1 - -5 - 2. Suppose 0 = -m*g - g + 37. Calculate the remainder when g is divided by 10.
7
Let p = -121 - -122. Let g(u) = -u**3 + 7*u**2 + 5*u - 9. Calculate the remainder when (-2 - -3)/(p/75) is divided by g(7).
23
Let v be (-4 + 1 - -1) + 46. Let q = -21 + v. What is the remainder when q is divided by (14/6)/((-138)/(-828))?
9
Suppose 4041 - 2625 = 12*c. What is the remainder when 942 is divided by c?
116
Let l(z) = -2*z**2 + 21*z + 1. Suppose -2*k + 2*h = -10, -4*k - h + 8 + 27 = 0. Calculate the remainder when 244 is divided by l(k).
39
Let j = -34 + 38. Suppose -3*v + j*y = -y - 26, 2*y + 37 = 5*v. Calculate the remainder when 11 is divided by v.
4
Let i(c) = 26*c**2 + 141*c - 172. Let v(w) = -8*w**2 - 47*w + 57. Let g(o) = 3*i(o) + 10*v(o). Calculate the remainder when g(-24) is divided by 20.
10
Suppose 0*v - 624 = -8*v. Let u = v + 8. What is the remainder when u is divided by 13?
8
Let s = 212 + 35. Let t = -34553 + 34615. What is the remainder when s is divided by t?
61
Let x be (6 - 5/10)*(29 - -1). Let i = x + -110. What is the remainder when 326 is divided by i?
51
Let m(a) = 5*a. Suppose 3*p + i - 20 = 2*i, 40 = 3*p - 5*i. What is the remainder when m(p) is divided by (544/(-64))/17*-14?
4
Suppose -g = -0 - 0. Let c be (g - (-2 + -1))/(138/368). Calculate the remainder when c/(-14)*2870/(-20) is divided by 21.
19
Suppose 232 = -10*r + 12*r. Let t = -70 + r. Suppose -5*g + 382 = -3*a + 944, -3*a = g - 532. Calculate the remainder when a is divided by t.
41
Suppose -2*u + 12 = 0, -4*z + u + 15515 = 5581. What is the remainder when z is divided by 247?
15
Let o = 635 + -419. What is the remainder when o is divided by (-4)/(-3)*((-2070)/(-40) - -3)?
70
Suppose 1152*v - 1173*v = -7539. What is the remainder when v is divided by 172?
15
Let r(j) = j**3 + j**2 + 3*j + 63. Let b be r(7). Let g = -445 + b. Calculate the remainder when 134 is divided by g.
10
Let t = -6942 - -7191. Calculate the remainder when t is divided by 155.
94
Suppose 155 = -5*w + 2*p + 184, 4*w - 4*p - 28 = 0. Suppose 0*q = -q + 5. What is the remainder when w is divided by q?
0
Suppose 0 = -2*h + 1 + 9. Suppose -w + h*w = 48. Calculate the remainder when 4 + ((-146)/(-3))/(8/w) is divided by 10.
7
Let w(p) = 52 - 11*p - 165 - 149. What is the remainder when 48 is divided by w(-25)?
9
Suppose 51*v + 83*v - 3216 = 0. What is the remainder when 2753 is divided by v?
17
Suppose 2*m = 50 + 286. Let w = 295 - m. Let a = w + -58. What is the remainder when a is divided by 18?
15
Suppose -4*w = 3*i - i - 10, -22 = -2*i - w. Suppose z + 276 = i*z. Let j = -45 + 112. Calculate the remainder when j is divided by z.
21
Suppose 114*m + 3*m - 6657 = -1041. Suppose 0*o = -2*o + 2*n + 60, 5*n - 10 = 0. Let f = -19 + o. What is the remainder when m is divided by f?
9
Suppose -5001*t = -5028*t + 43335. What is the remainder when t is divided by 6?
3
Suppose -4*u - 485 = 3*r, 0*u + 2*u = r - 245. Let d = -101 - u. Suppose -2*c - 72 + 234 = 0. Calculate the remainder when c is divided by d.
18
Calculate the remainder when 3335 is divided by (-14 - -12)*(6/(-4))/((-27)/(-423)).
45
Suppose 3*r = 20*z - 21*z + 62, 0 = 2*r + 4*z - 58. Suppose 317 = 3*q + 4*f, 0*f + 230 = 2*q - 2*f. Calculate the remainder when q is divided by r.
16
Suppose -k - k = -20. Suppose k*d - 24 = 8*d. Suppose 4*l - t - 105 = 36, 5*t = -25. What is the remainder when l is divided by d?
10
Let t(h) = 16*h - 116. Let v(w) = -w**2 - 16*w - 55. Let j be v(-7). What is the remainder when 21 is divided by t(j)?
9
Suppose -k + 81 = z, z - 4581 = 4*k - 4530. Suppose 0 = -2*a + 5*a - 39. What is the remainder when z is divided by a?
10
Let s = 8 - -4. Let f(b) = b**2 + 2*b - 4. Let g be f(1). What is the remainder when 125 is divided by g/(-4) + 513/s?
39
Suppose 8*g - 4*g = 0, 5*v - 140 = 4*g. Let w(f) = 2*f**3 + 2*f**2 - 4*f - 7. Suppose -11*z = -15*z + 12. Calculate the remainder when w(z) is divided by v.
25
Suppose 0 = -121*b + 123*b - 460. Let w = b + -187. Suppose -3 = 2*c + 5, 2*l - 3*c - 20 = 0. What is the remainder when w is divided by l?
3
Let c be (13 - (4 + -2)) + (-168)/(-21). Suppose -2*v + 47 = 3*t, 4*t + 10 - 82 = 2*v. Suppose c*j - 122 = t*j. What is the remainder when j is divided by 35?
26
Let f(t) = -23*t. Suppose -4*y + 16 = u - 0*u, 4*y + 2*u = 16. Let c be f(y). Let w = 131 + c. Calculate the remainder when w is divided by 14.
11
Let j = 232 - 73. Let w = 213 - j. Calculate the remainder when 375 is divided by w.
51
Let m = 230 - 194. Let b(k) = -k**2 - 48*k - 249. What is the remainder when b(-8) is divided by m?
35
Suppose -2*p + 16*p + 742 = 0. Let a be (17/3)/((-1)/(-36)). Let o = p + a. What is the remainder when o is divided by 38?
37
Let m(j) = 4*j**3 + 68*j**2 - 20*j + 24. Let r be m(-17). Let n = r - 329. What is the remainder when 138 is divided by n?
33
Let r = 46 - 42. Suppose r*v - 7 = -3*v. Calculate the remainder when (-6)/12*v*118/(-1) is divided by 10.
9
Let a be (36*1)/2 + 0. Suppose 2*b + 3*i = 0, -2*b - 3*b - 3*i + a = 0. Suppose 442 = 12*s + 14*s. Calculate the remainder when s is divided by b.
5
Suppose 221*q - 218*q - l - 211 = 0, 4*q + 5*l = 313. Calculate the remainder when q is divided by 3.
0
Suppose -177*h + 9 = -165*h - 2643. What is the remainder when h is divided by 10?
1
Suppose 5*g + 2*q = q + 14, 2*q = -4*g + 10. Suppose -z = 5, -g*n - 4*z + 103 - 15 = 0. What is the remainder when 287 is divided by n?
35
Suppose 0 = 3*c + 368*j - 373*j - 956, -5*c + 1568 = -2*j. What is the remainder